e b = 2*z - o - 14, 0 = 3*o - o + 4. Let w(s) = -2 + 0 - 5 + 6 + 6*s - s**2 + 6 + 0. Give w(z).
5
Let a(r) = 18*r - 431. Suppose -11865 + 12187 = 14*f. Give a(f).
-17
Let v(x) = 2*x**2 - 11*x + 5. Suppose z + 12 = t, 84*t + 5*z = 82*t - 25. Calculate v(t).
0
Let w(t) = -2*t**2 + 50*t + 106. Let u(x) = x**3 + 7*x**2 - 46*x - 225. Let p be u(-9). What is w(p)?
-2
Let z(i) = i - 6 - 3*i + i + 0. Let u(r) = -r**3 + 8*r**2 - 22*r + 13. Let l be u(3). Give z(l).
2
Let r be 8/20 + 46/10. Suppose -17 = 3*c + 2*k, 4*k = -r*c - 43 + 14. Let u(w) = -w**3 - 6*w**2 - 2*w + 4. What is u(c)?
-11
Let k(v) = v + 75 - 174 + 123. What is k(11)?
35
Let d(o) = 2758*o + 3 + 10 - 2760*o - 1. Let s = 795 + -789. Determine d(s).
0
Let t(g) = 916 + 928 + 920 - 3700 - 3*g + 918. Suppose 4*m + 66 = 42. What is t(m)?
0
Let l be (-4)/46 - (-3162)/391. Let m(d) = d - l*d + 0*d + 8*d + 7. Determine m(-7).
0
Let p(f) = -f**2 - 14*f - 16. Let q be p(-13). Let x(g) = 778958*g - 778959*g - 1 + 0. What is x(q)?
2
Let p(b) = -3*b**2 - 3*b - 4. Suppose 2*g + 100*d - 3 = 103*d, -d = 2*g + 9. What is p(g)?
-22
Let l = 78 - 68. Let a(r) be the first derivative of -r**3/3 + 11*r**2/2 + 10*r - 2332. What is a(l)?
20
Let a(s) be the second derivative of -s**6/120 - s**4/24 - 131*s**2/2 - 27*s. Let l(h) be the first derivative of a(h). Let t = 2 - 2. Give l(t).
0
Let o be (7 - (-1371)/3) + -5. Let a be 84/(-45) + 2 - o/405. Let h(g) be the third derivative of g**4/8 - g**3/6 - 3*g**2. Calculate h(a).
-4
Let f(x) be the third derivative of x**7/2520 + x**6/60 + x**4/4 - x**3/3 - 2*x**2 + 30. Let r(o) be the second derivative of f(o). Give r(-9).
-27
Let z be (-13 - -10) + (14 + 0 - (0 + 3)). Let p(k) = k**2 - 15*k - 4. What is p(z)?
-60
Let d(i) = -49*i + 11. Let v(w) = 47*w - 8. Let r(p) = 4*d(p) + 5*v(p). Calculate r(-1).
-35
Let a = 14151 - 14164. Let n(r) be the first derivative of r**3/3 + 6*r**2 - 8*r - 2. Determine n(a).
5
Suppose -5*t - 30 = 0, -5*t - 84 = 4*p + 3*t. Let w(v) = 0*v + v**3 + 8*v**2 - 11*v + 11 + 2*v. What is w(p)?
11
Let g(k) be the third derivative of k**8/10080 + k**7/240 + k**6/180 - 31*k**5/30 - 2*k**2 - 6. Let l(f) be the third derivative of g(f). Calculate l(-10).
-6
Suppose -9*t + 184 + 23 = 0. Suppose 0 = t*w - 21*w - 14. Let m(c) be the second derivative of c**4/12 - c**3 + 2*c**2 - 14*c. Give m(w).
11
Suppose 2*p = 4*i, p + 2*p = i. Let q be i + -5*2/(-5). Let c(g) = -23*g + q - 31*g + 50*g + 3*g**2. Calculate c(2).
6
Let g(f) = 5*f + 147 - 5*f**2 - 3*f**2 + 3*f**2 - 320 + 180. Give g(2).
-3
Let p(b) = -10*b**2 + b. Suppose -3*u + 15 = 3*x, -24 = 4*u - 5*x - 8. Calculate p(u).
-9
Let a be (-2 - 0) + (7/2)/((-51)/102). Let y(c) = 1. Let p(l) = -l**2 - 8*l + 11. Let d(x) = -p(x) + 3*y(x). What is d(a)?
1
Let t(k) = 2*k**2 - 21*k + 30. Let z = 115 - 106. Let c be t(z). Let h(l) = 2*l + 27 - 13 - 20 + c*l**2 - l**3. Determine h(4).
-14
Suppose 0*v = 4*v + 16. Let j(c) be the third derivative of 2*c**2 - 1/12*c**4 + 1/3*c**3 + 0 - 31*c. Determine j(v).
10
Let t(r) = -7*r**3 - 5*r**2 + 7*r - 16. Let z(o) = 19*o**3 + 14*o**2 - 17*o + 46. Let b(f) = 8*t(f) + 3*z(f). What is b(-3)?
-14
Let r = -1 - -2. Let t(o) = o**2 - 23*o + 3. Let w be t(0). Let u(a) = w - 6*a - 5*a**2 + r + 6*a**2 - 2. What is u(7)?
9
Let y(u) = -3*u**2 + 14*u + 73. Let q(s) = 7*s**2 - 36*s - 148. Let k(f) = -2*q(f) - 5*y(f). Give k(-8).
-21
Let h(g) = -383*g + 70. Let x(a) = 177*a - 35. Let n(o) = 6*h(o) + 13*x(o). Give n(11).
-2
Let x(h) = -h**2 + 9*h + 15. Let i be (24/(-15) + 0)/(12/(-3810)). Let p = 519 - i. Give x(p).
-7
Let z(d) = -4 - 575*d + 2 + 595*d - 8. Give z(0).
-10
Let b(a) = 2*a + 1. Suppose 48 = 6*v + 30. Let u(y) = -7*y - 10. Let m(k) = v*b(k) + u(k). Give m(10).
-17
Let u(l) = l**3 - 11*l**2 + 29*l - 17. Let y be ((-6222)/1581 + 4/(-62))/(1/(-2)). Give u(y).
23
Let o be -3 - (4 - (-4 - -11)) - -4. Suppose 18*u - 5*d = 19*u, 2*u + o*d + 6 = 0. Let l(j) = 4*j + 7. What is l(u)?
-13
Let x(a) = -11*a - 13. Suppose -c - 2 = -p, -7*c + 4 = -4*p - 5*c. Determine x(p).
31
Let g(z) be the second derivative of z**6/360 - z**5/30 + z**4/12 + 21*z**3 + 124*z. Let p(k) be the second derivative of g(k). What is p(2)?
-2
Let y(i) = 4*i**2 + 10*i + 12. Let p(s) = 8*s**2 + 19*s + 4*s**2 - 3*s**2 + 23. Let b(j) = 3*p(j) - 7*y(j). Let a = -5572 + 5561. Give b(a).
7
Let a(d) = d + 6. Let q be (35 + 1)*(31 + -32). Let z = 30 + q. What is a(z)?
0
Let b(v) = -v**3 + 7*v**2 - v + 5. Let u = -36 + 37. Let t be (4 + u - 4)*5. Suppose 0*f + t*f = 35. Determine b(f).
-2
Let i = -67 + 61. Let m(c) = c**3 + 3*c**2 - 20*c - 5. What is m(i)?
7
Let t(c) = 0 - 9 + 0*c - 7*c + c**2. Let w(d) = -d**2 + 13*d + 121. Let x(k) = -k**3 - 6*k**2 + 13*k. Let s be x(2). Let h be w(s). Determine t(h).
-9
Let a(c) = c**2 - 7*c + 5. Suppose 0 = -0*z - 2*z. Suppose v - 7 = -q, 4*q - 5*v + 0 - 1 = z. Let w be (-3 - -13 - q)/(2 + -1). Calculate a(w).
-1
Let k(c) = -c. Let x be k(2). Let l(b) = 119*b - 5*b + 1 - 20*b - 62*b - 23*b - 15*b. Calculate l(x).
13
Let m(t) = 2*t - 5. Let r(p) = 10*p - 26. Let o(d) = -16*m(d) + 3*r(d). Let w(b) = -6*b**3 - 17*b**2 + 10*b + 25. Let i be w(-3). What is o(i)?
-6
Let d(w) = -8*w - w**3 + 6*w**2 + 4*w**2 + w**2 + 883 + w - 885. Calculate d(10).
28
Let o be 3 - (69/(-9) + (-3)/9). Suppose -o*p + 55 = 22. Let u(g) = -p*g + 6*g**2 + 0*g**2 - 5*g**2. Give u(-3).
18
Suppose 10 = -2*n, -1 = l + 3*n + 8. Let d = 61 - 59. Let o(j) = -d*j + 5 - 7 + 2*j + j. Give o(l).
4
Let r(s) = -4*s**2 - 9 - 9 + 74*s - 74*s. Let q(a) = 17*a**2 + a + 71. Let j(x) = 2*q(x) + 9*r(x). Let g(u) be the first derivative of j(u). Determine g(4).
-14
Let k(a) = a. Let u be k(6). Let q(b) be the first derivative of -b**3/3 + 4*b**2 - 2*b + 310. Calculate q(u).
10
Let z be 0/1 + 4 + -1. Let s = 3 - z. Let l(k) = 8 + k - 7 + 1 + s. What is l(3)?
5
Let r(j) = -j**3 - 4*j**2 - j - 5. Suppose -3*a - 4 = -10. Let g be (75/(-10) - 4)*a. Let h = -27 - g. What is r(h)?
-1
Let t(l) be the third derivative of l**7/840 + l**6/720 + 7*l**5/30 + l**3/2 - l**2 + 12. Let y(r) be the third derivative of t(r). Calculate y(2).
13
Suppose -5*i = 2*z + 17, 3 = 3*z + i - 4. Let w be (-2)/((-9)/(-54)*(-3)/4). Let y(l) = -w*l**2 - 2*l**2 + 1 + 15*l**2 - 5*l + l**3. Determine y(z).
-3
Let b(v) = -v**2 - 8*v + 10. Let g(w) = w**2 + 7*w - 9. Let u(s) = 6*b(s) + 7*g(s). Let k = 2 - 0. Suppose 2*d = -k*q - 18, -4*q - 8 + 2 = -2*d. Calculate u(d).
17
Let t(u) = -u**2 - 4*u - 5. Let c be 1/2 + 3510/52. Let q = c + -73. Calculate t(q).
-10
Let n = 41 + 20. Let w(x) = 3*x - 3 + 59*x**3 - x - n*x**3 + 2*x. Determine w(2).
-11
Let z = 15538 - 15542. Let y(t) = 30*t + 119. Determine y(z).
-1
Let j(g) = -34 + 17 + 13*g + 14*g**2 + 26 + g**3 + 0*g**3. Let p be -14 - ((-2 - -4) + 6/(-2)). Determine j(p).
9
Let x(z) = 17*z**2 - 38*z - 2. Let m be (2/4 - 35/10)*(-158)/237. Determine x(m).
-10
Let l(y) = y**2 + 16*y + 41. Let g be l(-13). Let r(b) = -27*b**2 + 18*b**2 - g + 10*b**2 - 2. Suppose 4*d - 12 = o, -3*o + o = -3*d + 9. What is r(d)?
5
Let l(j) = j**3 + 12 + 83*j**2 + 14*j - 176*j**2 + 84*j**2 + 16 - 37. Calculate l(9).
117
Let u(n) = 12037*n - 2. Let z be u(0). Let g(i) be the third derivative of -i**6/120 - i**5/15 - i**4/12 - i**3/3 - i**2. What is g(z)?
-6
Let p(r) be the third derivative of r**5/60 - 17*r**4/24 + r**3/3 - 7*r**2 + 348*r. Give p(17).
2
Let l(m) be the third derivative of -m**5/60 + 7*m**4/24 - m**3/2 - 1335*m**2. Let f be (-36)/60 - (-76)/10. What is l(f)?
-3
Let g = -3 - 127. Let w be (g/35)/(4/(-28)). Let s = w + -22. Let y(z) = -z - 4. Calculate y(s).
-8
Let j be 4/35*(-50)/20 + 1080/(-42). Let s(q) = -q**3 - 27*q**2 - 30*q - 106. Determine s(j).
-2
Suppose -35*d - 15 = -85. Let r(s) = -s - 2. Let m be r(-4). Let v(z) = 5 + 1 - 15*z**m + 16*z**d - 5*z. Determine v(5).
6
Let k(p) = -3*p - 39. Let d = -45 + 31. Let q be k(d). Suppose q*i + 9 + 6 = 0. Let r(t) = -t**3 - 6*t**2 - 8*t - 3. Calculate r(i).
12
Suppose -2 = -4*x - 14. Let l be x*1/(-2)*-2. Let m(i) be the third derivative of i**4/24 - 2*i**3/3 - 838*i**2 - 2. Determine m(l).
-7
Let x(u) = -5*u - 130. Let s(f) = f + 46. Let o(w) = -7*s(w) - 2*x(w). Give o(20).
-2
Let f(p) = p**2 - 9*p + 6. Let k be 43/(-172) - (-1 - (-730)/(-8)). Let o = -86 + k. What is f(o)?
-12
Le